*3 + 4*h**2 - 24*h - 42. Let y be s(-5). What is the highest common factor of 1 and y?
1
Let k be 28/3 + 2/(-6). Let f(o) = 9*o + 99. Let w be f(-6). What is the greatest common factor of w and k?
9
Let f(s) = -s**3 - 10*s**2 - 11*s + 11. Let r be f(-11). Calculate the highest common factor of 46 and r.
23
Suppose -20*a + 3213 = 7*a. What is the greatest common divisor of 170 and a?
17
Let d be (-42)/11 + 14/(-77). Let u be 12/(-8)*d/3. Suppose 5*p = 3*f - 67, -5*f + u*p + 93 = 3*p. Calculate the greatest common factor of 19 and f.
19
Let o(x) = -58*x - 199. Let n be o(-15). Calculate the highest common divisor of n and 61.
61
Let m be (-102 - -89)/((-2)/26). What is the greatest common divisor of m and 91?
13
Let s be ((-459)/4)/((-204)/544). Calculate the greatest common divisor of 136 and s.
34
Let b be 4152/33 + 4/22. Let m be 33/(-21) - (-3)/63*-9. Let r be m/(-6)*(b + 21). What is the highest common factor of 7 and r?
7
Suppose 244*h - 232*h = 1944. Calculate the greatest common factor of h and 12.
6
Let g(y) = 2*y + 4. Let b be g(-5). Let j be (-4)/b*-3 - -15. Let s(r) = r**3 - 4*r**2 - 10*r + 14. Let o be s(7). What is the highest common factor of j and o?
13
Let s(q) = q**2 - 10*q + 11. Let p be s(9). Let h(x) = -8*x**2 - 53*x - 16. Let o be h(-6). Calculate the highest common factor of o and p.
2
Let y(u) = -u**3 - 17*u**2 - 20*u + 3. Let c be y(-16). Let i = c + 133. What is the highest common factor of 25 and i?
25
Suppose -2*w + 0 + 5 = -d, 0 = -4*d + 12. Let s(v) = -w*v - 10 + 8 + 8. Let x be s(-9). What is the highest common factor of 105 and x?
21
Let y(b) = 2*b**2 - 11*b - 555. Let d be y(28). What is the greatest common factor of d and 30?
15
Suppose -n - 8 = -2*f, 2*n + 5*f - 21 = 8. Let j be 7 - (-4 + n + 3). Calculate the highest common factor of j and 6.
6
Suppose -6*x + 24 = 2*x. Suppose -11 = -n - 2*n + 4*m, -4*n - x*m = -48. Calculate the highest common divisor of 1 and n.
1
Let m be (22 - 15)*(-80)/(-28). Calculate the greatest common divisor of 12 and m.
4
Suppose 17*i - 110 = 16*i. Calculate the highest common factor of 66 and i.
22
Let m = -21 + 35. What is the highest common divisor of m and 322?
14
Let l(i) = -4*i**3 - 21*i**2 - 40*i - 5. Let p be l(-4). Calculate the greatest common factor of p and 345.
15
Let t = -26 - 53. Let r = t - -154. Calculate the highest common factor of r and 50.
25
Let t(c) = -c**2 - 41*c + 215. Let f be t(-45). Suppose 4*q - 420 = -0*q. Calculate the highest common factor of q and f.
35
Let y = -29 + 44. Let j be (y/(-10))/((-3)/2). Suppose -4*c + 5 = -5*l + c, 4*c = l + 13. Calculate the highest common factor of l and j.
1
Let o = -248 + 760. What is the greatest common factor of 32 and o?
32
Let z = 115 - 63. Suppose 0*y + y - 3*r + 13 = 0, 4*r - 19 = 3*y. Let n be y/(-2)*1 + 350/28. Calculate the highest common divisor of z and n.
13
Let z(u) = -3*u - 6. Let f be z(-5). Suppose s - 15 = f. Let y be (120/(-36))/(10/(-18)). Calculate the greatest common factor of s and y.
6
Let a(l) = -l**3 + 10*l**2 - 8*l - 56. Let i be a(8). Calculate the highest common factor of 3 and i.
1
Let s = 62 + 2. Let k be (48/32 + 1/(-6))*6. What is the highest common divisor of k and s?
8
Suppose v + 950 = -i, -i + 481 = -v - 459. Let q be v/(-12) + 3/(-4). Calculate the highest common divisor of q and 52.
26
Let t = 330 + -322. Calculate the greatest common factor of t and 8.
8
Let b be (-5)/(-30)*-2 - (-2667)/9. Calculate the greatest common divisor of 24 and b.
8
Let v = 5 + -1. Let y(n) = -1122*n. Let a(h) = -22*h. Let b(u) = 154*a(u) - 3*y(u). Let t be b(-2). Calculate the highest common divisor of t and v.
4
Let n(x) = -4*x + 15. Let v be n(-11). Calculate the highest common divisor of v and 413.
59
Suppose 0 = 4*o + o - 20. Let a be (o/(-7))/(10/(-35)). Let q = a + 8. Calculate the highest common factor of 50 and q.
10
Let c be (-271)/(-6) - ((-2)/(-11))/((-864)/(-792)). Let n be 1/(-2) - 30/4. Let f = -3 - n. Calculate the greatest common divisor of f and c.
5
Let n = 22 - 20. Suppose -l = -2*b - 20, -50 = -4*l + n*b + 42. Calculate the greatest common divisor of 12 and l.
12
Suppose -5*h + 90 = 35. Calculate the highest common divisor of 99 and h.
11
Let b be 5/(0 + (-3)/(-15)). Let i be (2*b)/((-3)/(-6)). Let m be 3/(6*(-1)/(-20)). What is the greatest common factor of i and m?
10
Suppose 7 = f + 5. Let i be 23 + (f - 4) - -3. Calculate the highest common factor of i and 36.
12
Suppose 0 = d + 5, -3*c - 4*d - 23 = -2*c. Let m be 22*5/(-10)*12/c. What is the highest common divisor of 4 and m?
4
Suppose -4*l + 0 = -4*f - 4, -22 = -2*l - 2*f. Let p(s) = s**3 - 7*s**2 + 9*s + 3. Let o be p(l). What is the highest common divisor of 231 and o?
21
Suppose 7*j + 21 = 9*j - 5*t, -5*j + 5*t = -30. Suppose 23 + 61 = -4*u. Let r be u/(3/2 - j). What is the highest common divisor of 7 and r?
7
Let n = 976 + -959. Let a be (-4)/8 + (-546)/(-4). Calculate the greatest common factor of n and a.
17
Let c(l) = 2*l**3 + 13*l**2 - 15*l + 7. Let t be c(-7). Calculate the greatest common divisor of t and 21.
21
Suppose 4*f = d - 22, 4*f = -5*d + d - 12. What is the greatest common divisor of d and 58?
2
Let u(d) = -5*d - 7. Let a be u(-1). Let h be 3/(a/(-37 + 3)). Calculate the highest common divisor of h and 34.
17
Let t = 26 + -38. Let n = 14 + t. What is the highest common divisor of n and 6?
2
Suppose 1 = -k + 5. Let l = -3 - k. Let i be -1 - l/(28/32). Calculate the greatest common divisor of i and 14.
7
Let d be (-484)/(-28) - (-4)/(-14). Let s be -1 - -4 - 3/1. Let u be 2 + d + -3 + s. What is the greatest common divisor of u and 64?
16
Let b = 11 - -18. Let q = -20 + 223. What is the greatest common factor of b and q?
29
Let o = 76 - 62. Let l be 28*3*2/4. Calculate the highest common divisor of o and l.
14
Suppose -m = -1, -3*o - 2*m + 32 = -24. Let y = -31 + 46. Let p be (o/y)/((-9)/(-30)). What is the highest common factor of p and 2?
2
Suppose 3*d + 40 = x + x, d + 24 = -2*x. Let b(s) = -4*s + 36. Let r be b(d). Calculate the highest common factor of 25 and r.
25
Suppose -3*q + 20 = 5. Let u be 1558/8 - (-2 - (-28)/16). Suppose 8*b - 125 = u. Calculate the highest common divisor of q and b.
5
Let j be ((-1320)/(-35))/(6/21). Calculate the greatest common factor of 12 and j.
12
Suppose -431*h = -432*h + 20. Let a be (-88)/(-40) - 1/5. Calculate the highest common divisor of a and h.
2
Let b = -722 - -745. Calculate the highest common factor of 989 and b.
23
Let z be (-3)/(-4) - 141/12. Let c = z - -11. Suppose c*y + 20 = 5*y. What is the greatest common divisor of 10 and y?
2
Suppose 0 = -5*d + 1 + 14. Let u be (2 + d)/1 - 1. Suppose r - 33 = -3*x, u*r + 20 = 4*x + 104. What is the greatest common divisor of 8 and r?
8
Let p(h) = h**3 + 9*h**2 + 6*h. Let z be p(-6). Calculate the greatest common factor of 792 and z.
72
Suppose -3*n + 166 - 46 = 0. Suppose -32 = -4*t - 2*j, 33*j + 32 = 4*t + 28*j. What is the greatest common divisor of t and n?
8
Let v = 1890 + -700. What is the highest common divisor of v and 68?
34
Let t(i) = -2*i**3 - 7*i**2 + 2*i - 1. Let p be t(-4). What is the greatest common factor of p and 14?
7
Let y(i) = -i + 4. Let p = 56 + -66. Let c be y(p). What is the greatest common factor of c and 98?
14
Let j be -5*(-16)/40 - -68. Suppose -5*p + 107 = u, 2*u + 4*p + 228 = 4*u. Suppose n = -3*n + u. Calculate the greatest common divisor of j and n.
14
Let u = 36 + -32. Suppose -5*c - n = -29, -n + 8 = 4*c - u*n. Calculate the highest common divisor of c and 25.
5
Let q = -1909 - -2084. Calculate the greatest common factor of 5600 and q.
175
Let j(v) = -2*v - 2. Let z be j(-5). Let x = 14 + 34. Suppose -x = -2*k + 80. What is the greatest common divisor of z and k?
8
Let n be 1040/6*(-312)/(-260). What is the highest common divisor of 156 and n?
52
Let x(d) = 23*d + 2. Let o be x(3). Suppose -5*n + o = -p, 0 = 2*p - 6*p - 4. Calculate the highest common divisor of n and 2.
2
Suppose -6*t + 105 = -11*t. Let l = t - -37. Calculate the greatest common divisor of 2 and l.
2
Let f(x) = x**3 + 32*x**2 + 55*x - 18. Let u be f(-29). Calculate the highest common factor of u and 210.
70
Suppose 5*p + 346 - 826 = -5*a, -5*a = -5*p - 480. Suppose 4*m + 70 = 5*d - 2*d, -4*d = -4*m - a. What is th